 153. Suppose 3*x - 29 = 2*x. Calculate the remainder when x is divided by a/(-2) - (7 - 16/4).
9
Let n = 16 + -12. Suppose -n*x + 228 + 28 = 0. Suppose 3*w - 5*v - x = -v, -2*w + 50 = v. What is the remainder when 93 is divided by w?
21
Suppose 2*s - 3*h - 821 = 0, 24*s - 25*s = 4*h - 438. What is the remainder when s is divided by 15?
13
Let k(s) = 56*s**3 + 3*s**2 - 5*s + 3. Let v be k(1). Let h = v - 53. What is the remainder when 11 is divided by h?
3
Let h(v) = -3*v + 1. Suppose 4*q = -1 - 3. Calculate the remainder when h(q) is divided by 3.
1
Suppose -3*f - 5*x + 23 = -28, -f = -5*x - 17. Let i be (-12)/(-6)*3/(-2). Let p(u) = 2*u**2 + 3*u - 3. Calculate the remainder when f is divided by p(i).
5
Suppose -15*i - 360 = -11*i. Suppose 7 - 22 = 3*s. What is the remainder when 26 is divided by s/2*i/25?
8
Let q be 1 + (-7)/(21/6). Let c(f) = 26*f. Let w be c(q). What is the remainder when 49 is divided by (2/((-4)/w))/1?
10
Let d = 21 - 12. Suppose 68*n - 1960 = -61*n + 109*n. Calculate the remainder when n is divided by d.
8
Suppose 0 = -4*z - z + 215. Let o be (6 + -2)*(-5)/(-2). What is the remainder when z is divided by ((-22)/o)/((-1)/5)?
10
Suppose 0 = 2*p + 3*p - 80. Let z = 355 - 350. What is the remainder when p is divided by z?
1
Let d be 5*4/20 + 5. Suppose -236 + 20 = -d*z. What is the remainder when z is divided by 19?
17
Suppose -97 = -5*o + 108. Let d = 12 - 7. Suppose -9 = -a + d. Calculate the remainder when o is divided by a.
13
Let h(u) = -6*u**3 - 6*u**2 - 16*u - 15. What is the remainder when 247 is divided by h(-2)?
1
Suppose -1548 + 398 = -4*b - 5*l, 4*b - 3*l = 1134. Suppose 0 = 3*m - 6*m + b. What is the remainder when m is divided by 33?
29
Let j = 32 + -26. Suppose -24*n - j = -22*n. Calculate the remainder when 54 is divided by n*((-60)/9 + 2).
12
Suppose -5*h + 3*r = -4024, 9*r - 1597 = -2*h + 6*r. Calculate the remainder when h is divided by 35.
33
Let o be 3/(-2)*(-2)/(-3). Let a be ((-26)/10 - 2/5)/1. What is the remainder when 21 is divided by 3*o - (a + -11)?
10
Let p be ((-9592)/(-33))/(2/3). Let i = p - 289. What is the remainder when i is divided by 50?
47
Let t be (22*(-5)/30 - -3)*3. Let a(b) = -b**2 + b. Let p(q) = q**2 - 7*q - 3. Let r(m) = -6*a(m) - p(m). Calculate the remainder when r(t) is divided by 8.
5
Suppose -5*u - 4*d = -6*d - 12, 0 = -2*d + 8. Let k = 1 - 1. Suppose -u*b = -k*b - 268. What is the remainder when b is divided by 23?
21
Let h = 6 + -16. Let v(f) = f**2 + 8*f + 2. Calculate the remainder when 85 is divided by v(h).
19
Let u(b) = b + 3. Let w be 8/(-12) + (-16)/(-6) + 8. Let d = -6 + w. What is the remainder when u(3) is divided by d?
2
Suppose -3*r = 3*g - 130 - 32, -2*g - 3*r = -113. Calculate the remainder when 95 is divided by g.
46
Let d(w) = w**2 - 11*w + 14. Let n be d(10). Let i be (-42)/(-5) + n/(-10). Suppose -3*t + t = x - i, t = 0. Calculate the remainder when 31 is divided by x.
7
Let c = 545 - 288. Calculate the remainder when c is divided by 89.
79
Calculate the remainder when 167 is divided by (-9 - (-1 - 6))*-29.
51
Let b = 359 + -516. Let n = -75 - b. Calculate the remainder when n is divided by 29.
24
Suppose -g = g + 12. Let o = -4 - g. Let w(j) = j**3 - j + 2. What is the remainder when 15 is divided by w(o)?
7
Let q(t) = -t**3 + t**2 + t + 1. Let x be 1/2*(-16 + 6). Let f(d) = d**3 + 5*d**2 - 6*d + 1. Calculate the remainder when f(x) is divided by q(-2).
9
Let m be (1/(-3))/((-1)/(-6)). Let y = m - -3. Calculate the remainder when (-3)/(-12) - 3/(-4) is divided by y.
0
Suppose -3*o = 2*y - 365, -3*o = 6 + 3. Suppose 4*p = v + y, -4*v - 14 = -2. Calculate the remainder when p is divided by 12.
10
Suppose -3*v - 63 = -4*f, -4*v + 0*v + 66 = 3*f. Suppose -f - 14 = -4*i. Suppose 0 = -4*r + 53 + 35. What is the remainder when r is divided by i?
6
Suppose 100 = 3*j - 2*l, 0*l = -4*j + l + 135. Let t = j - 33. Suppose -2*c + 51 = -t. Calculate the remainder when c is divided by 6.
2
Suppose -v = 4*r - 94 + 7, 0 = 4*r. What is the remainder when v is divided by 13?
9
Suppose 0 = 10*w - 27*w + 2414. What is the remainder when w is divided by 16?
14
Suppose -226 + 236 = d. What is the remainder when 78 is divided by d?
8
Let q(v) = -6*v + 5. Let o = 8 - 14. Calculate the remainder when q(o) is divided by -2*(25 - 3)*2/(-4).
19
Let x(b) = 5*b**2 + 108*b - 2. What is the remainder when 283 is divided by x(-22)?
31
Suppose -12*r + 56 = 20. Suppose 36 = -x + r*x. What is the remainder when 68 is divided by x?
14
Let z = -7 + 7. Suppose -u - 2*q + 45 = z, -4*u - 4*q + 0*q = -184. Suppose 0 = -2*r + 12 + 36. Calculate the remainder when u is divided by r.
23
Let y = 13 + 3. Calculate the remainder when 70 is divided by y.
6
Let d(i) = -i**3 + 17*i**2 + 20*i - 34. Let j = 35 - 17. What is the remainder when d(j) is divided by 2?
0
Let o(p) = 167*p - 12. What is the remainder when o(2) is divided by 27?
25
Let w = -36 + 39. Suppose -n - 13 = -w*g - 3, 4*n = 20. What is the remainder when 23 is divided by g?
3
Let n(x) = -3*x - 54. Let r be (4 + -3 + -4)/((-3)/(-22)). What is the remainder when 21 is divided by n(r)?
9
Let h = 23 - 6. Suppose 0*g - g + h = 0. Suppose 0 = -7*y + 259 - 35. Calculate the remainder when y is divided by g.
15
Suppose -3*q = -2*q + 8. Suppose 2*s = -0*s - 196. Calculate the remainder when q/(-24) - s/3 is divided by 17.
16
Let x(q) = q**3 - 20*q**2 + 36*q - 36. What is the remainder when x(19) is divided by 36?
35
Suppose -861*c + 863*c = 8. Calculate the remainder when 78 is divided by c.
2
Let y = 476 + -441. Calculate the remainder when 128 is divided by y.
23
Let j(o) = -o**3 - 5*o**2 - 6*o - 1. Let c be j(-4). Suppose 2*n - 2*u + c*u = 91, -5*n - 2*u = -175. What is the remainder when n is divided by 7?
5
Suppose -19*h = 163 - 505. Suppose 0 = 2*v + 3*v. Suppose v*j + 2*j = 142. What is the remainder when j is divided by h?
17
Let a be (108/8)/((-2)/(-8)). Suppose 0 = -4*n - h + a + 28, -5*h = 2*n - 32. What is the remainder when 103 is divided by n?
19
Let d(y) = -y - 8. Let w be d(-5). Calculate the remainder when (w/(-6))/((-2)/(-468)*3) is divided by 22.
17
Let b = 549 - 307. What is the remainder when b is divided by 7?
4
Let u be -4 - (25/(-5) - 0). Calculate the remainder when 73 - (1*(-4 + 4))/u is divided by 19.
16
Let m be 10/4*(-8)/(-10). Let c be (-10)/(-4)*64/10. Let p = c - m. What is the remainder when 27 is divided by p?
13
Suppose 3*y = 3*d + 27, -2*y - 4*d = y - 48. Let a = y - -42. Let t(p) = p**3 - 8*p**2 + 12*p - 16. What is the remainder when a is divided by t(7)?
16
Suppose -1064 = -4*h - 4*l, 0*h + 2*l = h - 278. Calculate the remainder when h is divided by 68.
66
Suppose 4*x = 4*s + 136 + 24, -4*x = -3*s - 158. What is the remainder when x is divided by 16?
6
Suppose 2*p = 2*m - 7*m - 108, 4*p - 114 = 5*m. Let x = -15 - m. What is the remainder when 34 is divided by x?
6
Suppose -739 = 64*d - 5859. Let s = 79 + -38. Calculate the remainder when d is divided by s.
39
Suppose 104*m - 600 = 100*m. Suppose 0 = -q - 3*q + 88. Calculate the remainder when m is divided by q.
18
Let p(w) = -7*w + 6. Let g(b) = b**2 - b. Let x(r) = 5*g(r) - p(r). Let n(c) = 6*c + 3. What is the remainder when x(4) is divided by n(3)?
19
Let y(k) = -33*k - 41. What is the remainder when 519 is divided by y(-3)?
55
Suppose p - v = 14, -4*v - 38 = 4*p - 54. What is the remainder when 42 is divided by p?
6
Let g(v) = -v + 7. Let n be g(3). Suppose i - 3*i = n. Calculate the remainder when (988/65)/(i/(-5)) is divided by 10.
8
Suppose 0 = 5*w - r - 1, 3*r + 3 = -0*r. Suppose w = 4*q + y - 29, 2*q - 4*y = -4 - 4. Calculate the remainder when 9 is divided by q.
3
Let i = -66 - -78. Calculate the remainder when 45 is divided by i.
9
Suppose 0 = -5*u - m + 30, 5*m + 0*m = -25. Suppose 2*z - u = 45. What is the remainder when 8616/84 + (-3)/(-7) is divided by z?
25
Let r be (1 + 0)*4*270/216. Let a(q) = 27*q + 32. What is the remainder when a(r) is divided by 56?
55
Suppose -42 + 12 = -5*a. What is the remainder when 65 is divided by a/24*(-2 + 94)?
19
Suppose 3*w + 5*c - 33 - 54 = 0, w = -4*c + 36. Let h = w + -3. What is the remainder when h is divided by 12?
9
Let s(x) = x**2 - 3*x - 4. Let b be s(5). Suppose -w - 40 = -b*w. Suppose 4*d - w*d +